{"id":2998,"date":"2026-03-15T17:41:54","date_gmt":"2026-03-15T16:41:54","guid":{"rendered":"https:\/\/amepn.ma\/?page_id=2998"},"modified":"2026-03-17T01:55:08","modified_gmt":"2026-03-17T00:55:08","slug":"pn-marin-dalboran","status":"publish","type":"page","link":"https:\/\/amepn.ma\/?page_id=2998","title":{"rendered":"PN Marin d&rsquo;Alboran"},"content":{"rendered":"\n<p class=\"has-black-color has-text-color has-link-color has-small-font-size wp-elements-075101101761fe67d12ec4f67956b060\">Le Parc Naturel Marin d\u2019Alboran, est cr\u00e9\u00e9 par D\u00e9cret n\u00b0 2-24-437 du 30 janvier 2025 sur une superficie de 300km2 (Soit une superficie de 30.000 hectares) sur la partie m\u00e9diterran\u00e9enne entre l\u2019oued Amtar et Amsa au niveau de la R\u00e9gion de Tanger &#8211; T\u00e9touan &#8211; Al Hoceima.<\/p>\n\n\n\n<p class=\"has-black-color has-text-color has-link-color has-small-font-size wp-elements-fda5219e57c5e39af04793b491c56396\"><\/p>\n\n\n\n<figure class=\"wp-block-image size-large is-resized\"><img loading=\"lazy\" decoding=\"async\" width=\"1024\" height=\"877\" data-attachment-id=\"2862\" data-permalink=\"https:\/\/amepn.ma\/?attachment_id=2862\" data-orig-file=\"https:\/\/amepn.ma\/wp-content\/uploads\/2025\/03\/IMG_1127.jpg\" data-orig-size=\"1473,1262\" data-comments-opened=\"1\" data-image-meta=\"{&quot;aperture&quot;:&quot;0&quot;,&quot;credit&quot;:&quot;&quot;,&quot;camera&quot;:&quot;&quot;,&quot;caption&quot;:&quot;&quot;,&quot;created_timestamp&quot;:&quot;0&quot;,&quot;copyright&quot;:&quot;&quot;,&quot;focal_length&quot;:&quot;0&quot;,&quot;iso&quot;:&quot;0&quot;,&quot;shutter_speed&quot;:&quot;0&quot;,&quot;title&quot;:&quot;&quot;,&quot;orientation&quot;:&quot;0&quot;}\" data-image-title=\"IMG_1127\" data-image-description=\"\" data-image-caption=\"\" data-medium-file=\"https:\/\/amepn.ma\/wp-content\/uploads\/2025\/03\/IMG_1127-300x257.jpg\" data-large-file=\"https:\/\/amepn.ma\/wp-content\/uploads\/2025\/03\/IMG_1127-1024x877.jpg\" src=\"https:\/\/amepn.ma\/wp-content\/uploads\/2025\/03\/IMG_1127-1024x877.jpg\" alt=\"\" class=\"wp-image-2862\" style=\"width:573px;height:auto\" srcset=\"https:\/\/amepn.ma\/wp-content\/uploads\/2025\/03\/IMG_1127-1024x877.jpg 1024w, https:\/\/amepn.ma\/wp-content\/uploads\/2025\/03\/IMG_1127-300x257.jpg 300w, https:\/\/amepn.ma\/wp-content\/uploads\/2025\/03\/IMG_1127-768x658.jpg 768w, https:\/\/amepn.ma\/wp-content\/uploads\/2025\/03\/IMG_1127.jpg 1473w\" sizes=\"auto, (max-width: 1024px) 100vw, 1024px\" \/><\/figure>\n","protected":false},"excerpt":{"rendered":"<p>Le Parc Naturel Marin d\u2019Alboran, est cr\u00e9\u00e9 par D\u00e9cret n\u00b0 2-24-437 du 30 janvier 2025 sur une superficie de 300km2 (Soit une superficie de 30.000 hectares) sur la partie m\u00e9diterran\u00e9enne entre l\u2019oued Amtar et Amsa au niveau de la R\u00e9gion de Tanger &#8211; T\u00e9touan &#8211; Al Hoceima.<\/p>\n","protected":false},"author":2,"featured_media":0,"parent":0,"menu_order":0,"comment_status":"closed","ping_status":"closed","template":"","meta":{"_acf_changed":false,"footnotes":""},"class_list":["post-2998","page","type-page","status-publish","hentry"],"acf":[],"jetpack_sharing_enabled":true,"jetpack_likes_enabled":true,"_links":{"self":[{"href":"https:\/\/amepn.ma\/index.php?rest_route=\/wp\/v2\/pages\/2998","targetHints":{"allow":["GET"]}}],"collection":[{"href":"https:\/\/amepn.ma\/index.php?rest_route=\/wp\/v2\/pages"}],"about":[{"href":"https:\/\/amepn.ma\/index.php?rest_route=\/wp\/v2\/types\/page"}],"author":[{"embeddable":true,"href":"https:\/\/amepn.ma\/index.php?rest_route=\/wp\/v2\/users\/2"}],"replies":[{"embeddable":true,"href":"https:\/\/amepn.ma\/index.php?rest_route=%2Fwp%2Fv2%2Fcomments&post=2998"}],"version-history":[{"count":4,"href":"https:\/\/amepn.ma\/index.php?rest_route=\/wp\/v2\/pages\/2998\/revisions"}],"predecessor-version":[{"id":3036,"href":"https:\/\/amepn.ma\/index.php?rest_route=\/wp\/v2\/pages\/2998\/revisions\/3036"}],"wp:attachment":[{"href":"https:\/\/amepn.ma\/index.php?rest_route=%2Fwp%2Fv2%2Fmedia&parent=2998"}],"curies":[{"name":"wp","href":"https:\/\/api.w.org\/{rel}","templated":true}]}}

<p class="has-black-color has-text-color has-link-color has-small-font-size wp-elements-075101101761fe67d12ec4f67956b060">Le Parc Naturel Marin d’Alboran, est créé par Décret n° 2-24-437 du 30 janvier 2025 sur une superficie de 300km2 (Soit une superficie de 30.000 hectares) sur la partie méditerranéenne entre l’oued Amtar et Amsa au niveau de la Région de Tanger &#8211; Tétouan &#8211; Al Hoceima.</p>



<p class="has-black-color has-text-color has-link-color has-small-font-size wp-elements-fda5219e57c5e39af04793b491c56396"></p>



<figure class="wp-block-image size-large is-resized"><img loading="lazy" decoding="async" width="1024" height="877" data-attachment-id="2862" data-permalink="https://amepn.ma/?attachment_id=2862" data-orig-file="https://amepn.ma/wp-content/uploads/2025/03/IMG_1127.jpg" data-orig-size="1473,1262" data-comments-opened="1" data-image-meta="{&quot;aperture&quot;:&quot;0&quot;,&quot;credit&quot;:&quot;&quot;,&quot;camera&quot;:&quot;&quot;,&quot;caption&quot;:&quot;&quot;,&quot;created_timestamp&quot;:&quot;0&quot;,&quot;copyright&quot;:&quot;&quot;,&quot;focal_length&quot;:&quot;0&quot;,&quot;iso&quot;:&quot;0&quot;,&quot;shutter_speed&quot;:&quot;0&quot;,&quot;title&quot;:&quot;&quot;,&quot;orientation&quot;:&quot;0&quot;}" data-image-title="IMG_1127" data-image-description="" data-image-caption="" data-medium-file="https://amepn.ma/wp-content/uploads/2025/03/IMG_1127-300x257.jpg" data-large-file="https://amepn.ma/wp-content/uploads/2025/03/IMG_1127-1024x877.jpg" src="https://amepn.ma/wp-content/uploads/2025/03/IMG_1127-1024x877.jpg" alt="" class="wp-image-2862" style="width:573px;height:auto" srcset="https://amepn.ma/wp-content/uploads/2025/03/IMG_1127-1024x877.jpg 1024w, https://amepn.ma/wp-content/uploads/2025/03/IMG_1127-300x257.jpg 300w, https://amepn.ma/wp-content/uploads/2025/03/IMG_1127-768x658.jpg 768w, https://amepn.ma/wp-content/uploads/2025/03/IMG_1127.jpg 1473w" sizes="auto, (max-width: 1024px) 100vw, 1024px" /></figure>

<p>Le Parc Naturel Marin d’Alboran, est créé par Décret n° 2-24-437 du 30 janvier 2025 sur une superficie de 300km2 (Soit une superficie de 30.000 hectares) sur la partie méditerranéenne entre l’oued Amtar et Amsa au niveau de la Région de Tanger &#8211; Tétouan &#8211; Al Hoceima.</p>
