{"id":3004,"date":"2026-03-15T17:46:53","date_gmt":"2026-03-15T16:46:53","guid":{"rendered":"https:\/\/amepn.ma\/?page_id=3004"},"modified":"2026-03-15T17:57:48","modified_gmt":"2026-03-15T16:57:48","slug":"pn-marin-de-massa","status":"publish","type":"page","link":"https:\/\/amepn.ma\/?page_id=3004","title":{"rendered":"PN Marin de Massa"},"content":{"rendered":"\n<p class=\"has-small-font-size\">Le Parc Naturel de Massa est cr\u00e9\u00e9 sur le territoire de la R\u00e9gion de Souss Massa, sur une superficie de 250 km2, entre Aglou et Lagzira Soit une superficie de 25.000 hectares<\/p>\n\n\n\n<figure class=\"wp-block-image size-large is-resized\"><img loading=\"lazy\" decoding=\"async\" width=\"1024\" height=\"796\" data-attachment-id=\"2865\" data-permalink=\"https:\/\/amepn.ma\/?attachment_id=2865\" data-orig-file=\"https:\/\/amepn.ma\/wp-content\/uploads\/2025\/03\/IMG_1130.jpg\" data-orig-size=\"1473,1145\" data-comments-opened=\"1\" data-image-meta=\"{&quot;aperture&quot;:&quot;0&quot;,&quot;credit&quot;:&quot;&quot;,&quot;camera&quot;:&quot;&quot;,&quot;caption&quot;:&quot;&quot;,&quot;created_timestamp&quot;:&quot;0&quot;,&quot;copyright&quot;:&quot;&quot;,&quot;focal_length&quot;:&quot;0&quot;,&quot;iso&quot;:&quot;0&quot;,&quot;shutter_speed&quot;:&quot;0&quot;,&quot;title&quot;:&quot;&quot;,&quot;orientation&quot;:&quot;0&quot;}\" data-image-title=\"IMG_1130\" data-image-description=\"\" data-image-caption=\"\" data-medium-file=\"https:\/\/amepn.ma\/wp-content\/uploads\/2025\/03\/IMG_1130-300x233.jpg\" data-large-file=\"https:\/\/amepn.ma\/wp-content\/uploads\/2025\/03\/IMG_1130-1024x796.jpg\" src=\"https:\/\/amepn.ma\/wp-content\/uploads\/2025\/03\/IMG_1130-1024x796.jpg\" alt=\"\" class=\"wp-image-2865\" style=\"width:566px;height:auto\" srcset=\"https:\/\/amepn.ma\/wp-content\/uploads\/2025\/03\/IMG_1130-1024x796.jpg 1024w, https:\/\/amepn.ma\/wp-content\/uploads\/2025\/03\/IMG_1130-300x233.jpg 300w, https:\/\/amepn.ma\/wp-content\/uploads\/2025\/03\/IMG_1130-768x597.jpg 768w, https:\/\/amepn.ma\/wp-content\/uploads\/2025\/03\/IMG_1130.jpg 1473w\" sizes=\"auto, (max-width: 1024px) 100vw, 1024px\" \/><\/figure>\n","protected":false},"excerpt":{"rendered":"<p>Le Parc Naturel de Massa est cr\u00e9\u00e9 sur le territoire de la R\u00e9gion de Souss Massa, sur une superficie de 250 km2, entre Aglou et Lagzira Soit une superficie de 25.000 hectares<\/p>\n","protected":false},"author":2,"featured_media":0,"parent":0,"menu_order":0,"comment_status":"closed","ping_status":"closed","template":"","meta":{"_acf_changed":false,"footnotes":""},"class_list":["post-3004","page","type-page","status-publish","hentry"],"acf":[],"jetpack_sharing_enabled":true,"jetpack_likes_enabled":true,"_links":{"self":[{"href":"https:\/\/amepn.ma\/index.php?rest_route=\/wp\/v2\/pages\/3004","targetHints":{"allow":["GET"]}}],"collection":[{"href":"https:\/\/amepn.ma\/index.php?rest_route=\/wp\/v2\/pages"}],"about":[{"href":"https:\/\/amepn.ma\/index.php?rest_route=\/wp\/v2\/types\/page"}],"author":[{"embeddable":true,"href":"https:\/\/amepn.ma\/index.php?rest_route=\/wp\/v2\/users\/2"}],"replies":[{"embeddable":true,"href":"https:\/\/amepn.ma\/index.php?rest_route=%2Fwp%2Fv2%2Fcomments&post=3004"}],"version-history":[{"count":3,"href":"https:\/\/amepn.ma\/index.php?rest_route=\/wp\/v2\/pages\/3004\/revisions"}],"predecessor-version":[{"id":3015,"href":"https:\/\/amepn.ma\/index.php?rest_route=\/wp\/v2\/pages\/3004\/revisions\/3015"}],"wp:attachment":[{"href":"https:\/\/amepn.ma\/index.php?rest_route=%2Fwp%2Fv2%2Fmedia&parent=3004"}],"curies":[{"name":"wp","href":"https:\/\/api.w.org\/{rel}","templated":true}]}}

<p class="has-small-font-size">Le Parc Naturel de Massa est créé sur le territoire de la Région de Souss Massa, sur une superficie de 250 km2, entre Aglou et Lagzira Soit une superficie de 25.000 hectares</p>



<figure class="wp-block-image size-large is-resized"><img loading="lazy" decoding="async" width="1024" height="796" data-attachment-id="2865" data-permalink="https://amepn.ma/?attachment_id=2865" data-orig-file="https://amepn.ma/wp-content/uploads/2025/03/IMG_1130.jpg" data-orig-size="1473,1145" data-comments-opened="1" data-image-meta="{&quot;aperture&quot;:&quot;0&quot;,&quot;credit&quot;:&quot;&quot;,&quot;camera&quot;:&quot;&quot;,&quot;caption&quot;:&quot;&quot;,&quot;created_timestamp&quot;:&quot;0&quot;,&quot;copyright&quot;:&quot;&quot;,&quot;focal_length&quot;:&quot;0&quot;,&quot;iso&quot;:&quot;0&quot;,&quot;shutter_speed&quot;:&quot;0&quot;,&quot;title&quot;:&quot;&quot;,&quot;orientation&quot;:&quot;0&quot;}" data-image-title="IMG_1130" data-image-description="" data-image-caption="" data-medium-file="https://amepn.ma/wp-content/uploads/2025/03/IMG_1130-300x233.jpg" data-large-file="https://amepn.ma/wp-content/uploads/2025/03/IMG_1130-1024x796.jpg" src="https://amepn.ma/wp-content/uploads/2025/03/IMG_1130-1024x796.jpg" alt="" class="wp-image-2865" style="width:566px;height:auto" srcset="https://amepn.ma/wp-content/uploads/2025/03/IMG_1130-1024x796.jpg 1024w, https://amepn.ma/wp-content/uploads/2025/03/IMG_1130-300x233.jpg 300w, https://amepn.ma/wp-content/uploads/2025/03/IMG_1130-768x597.jpg 768w, https://amepn.ma/wp-content/uploads/2025/03/IMG_1130.jpg 1473w" sizes="auto, (max-width: 1024px) 100vw, 1024px" /></figure>

<p>Le Parc Naturel de Massa est créé sur le territoire de la Région de Souss Massa, sur une superficie de 250 km2, entre Aglou et Lagzira Soit une superficie de 25.000 hectares</p>
