{"id":3016,"date":"2026-03-15T18:26:05","date_gmt":"2026-03-15T17:26:05","guid":{"rendered":"https:\/\/amepn.ma\/?page_id=3016"},"modified":"2026-03-17T03:02:35","modified_gmt":"2026-03-17T02:02:35","slug":"lois-et-reglementations","status":"publish","type":"page","link":"https:\/\/amepn.ma\/?page_id=3016","title":{"rendered":"Lois et r\u00e9glementations"},"content":{"rendered":"\n<p class=\"has-luminous-vivid-amber-background-color has-background has-small-font-size\"><strong>Loi 22-07 sur les aires prot\u00e9g\u00e9es<\/strong><\/p>\n\n\n\n<div data-wp-interactive=\"core\/file\" class=\"wp-block-file\"><object data-wp-bind--hidden=\"!state.hasPdfPreview\" hidden class=\"wp-block-file__embed\" data=\"https:\/\/amepn.ma\/wp-content\/uploads\/2026\/03\/Loi-22-07_aires-protegees.pdf\" type=\"application\/pdf\" style=\"width:100%;height:600px\" aria-label=\"Contenu embarqu\u00e9 Loi 22-07_aires prot\u00e9g\u00e9es.\"><\/object><a id=\"wp-block-file--media-60611629-a496-4788-ae3d-fef9a5981592\" href=\"https:\/\/amepn.ma\/wp-content\/uploads\/2026\/03\/Loi-22-07_aires-protegees.pdf\">Loi 22-07_aires prot\u00e9g\u00e9es<\/a><a href=\"https:\/\/amepn.ma\/wp-content\/uploads\/2026\/03\/Loi-22-07_aires-protegees.pdf\" class=\"wp-block-file__button wp-element-button\" download aria-describedby=\"wp-block-file--media-60611629-a496-4788-ae3d-fef9a5981592\">T\u00e9l\u00e9charger<\/a><\/div>\n\n\n\n<p class=\"has-luminous-vivid-amber-background-color has-background has-small-font-size\"><strong>D\u00e9cret n\u00b0 2-18-242 pris pour l&rsquo;application de la loi 22-07 relative aux aires prot\u00e9g\u00e9es<\/strong> (texte en arabe) <\/p>\n\n\n\n<div data-wp-interactive=\"core\/file\" class=\"wp-block-file\"><object data-wp-bind--hidden=\"!state.hasPdfPreview\" hidden class=\"wp-block-file__embed\" data=\"https:\/\/amepn.ma\/wp-content\/uploads\/2026\/03\/Decret-n\u00b0-2-18-242-pris-pour-application-de-la-loi-22-07-relative-aux-aires-protegees-ar.pdf\" type=\"application\/pdf\" style=\"width:100%;height:600px\" aria-label=\"Contenu embarqu\u00e9 D\u00e9cret n\u00b0 2-18-242 pris pour application de la loi 22-07 relative aux aires prot\u00e9g\u00e9es - ar.\"><\/object><a id=\"wp-block-file--media-fe5da190-92cb-403d-86e2-5590daa66b14\" href=\"https:\/\/amepn.ma\/wp-content\/uploads\/2026\/03\/Decret-n\u00b0-2-18-242-pris-pour-application-de-la-loi-22-07-relative-aux-aires-protegees-ar.pdf\">D\u00e9cret n\u00b0 2-18-242 pris pour application de la loi 22-07 relative aux aires prot\u00e9g\u00e9es &#8211; ar<\/a><a href=\"https:\/\/amepn.ma\/wp-content\/uploads\/2026\/03\/Decret-n\u00b0-2-18-242-pris-pour-application-de-la-loi-22-07-relative-aux-aires-protegees-ar.pdf\" class=\"wp-block-file__button wp-element-button\" download aria-describedby=\"wp-block-file--media-fe5da190-92cb-403d-86e2-5590daa66b14\">T\u00e9l\u00e9charger<\/a><\/div>\n","protected":false},"excerpt":{"rendered":"<p>Loi 22-07 sur les aires prot\u00e9g\u00e9es D\u00e9cret n\u00b0 2-18-242 pris pour l&rsquo;application de la loi 22-07 relative aux aires prot\u00e9g\u00e9es (texte en arabe)<\/p>\n","protected":false},"author":2,"featured_media":0,"parent":0,"menu_order":0,"comment_status":"closed","ping_status":"closed","template":"","meta":{"_acf_changed":false,"footnotes":""},"class_list":["post-3016","page","type-page","status-publish","hentry"],"acf":[],"jetpack_sharing_enabled":true,"jetpack_likes_enabled":true,"_links":{"self":[{"href":"https:\/\/amepn.ma\/index.php?rest_route=\/wp\/v2\/pages\/3016","targetHints":{"allow":["GET"]}}],"collection":[{"href":"https:\/\/amepn.ma\/index.php?rest_route=\/wp\/v2\/pages"}],"about":[{"href":"https:\/\/amepn.ma\/index.php?rest_route=\/wp\/v2\/types\/page"}],"author":[{"embeddable":true,"href":"https:\/\/amepn.ma\/index.php?rest_route=\/wp\/v2\/users\/2"}],"replies":[{"embeddable":true,"href":"https:\/\/amepn.ma\/index.php?rest_route=%2Fwp%2Fv2%2Fcomments&post=3016"}],"version-history":[{"count":5,"href":"https:\/\/amepn.ma\/index.php?rest_route=\/wp\/v2\/pages\/3016\/revisions"}],"predecessor-version":[{"id":3040,"href":"https:\/\/amepn.ma\/index.php?rest_route=\/wp\/v2\/pages\/3016\/revisions\/3040"}],"wp:attachment":[{"href":"https:\/\/amepn.ma\/index.php?rest_route=%2Fwp%2Fv2%2Fmedia&parent=3016"}],"curies":[{"name":"wp","href":"https:\/\/api.w.org\/{rel}","templated":true}]}}