{"id":97,"date":"2020-03-24T18:40:29","date_gmt":"2020-03-24T17:40:29","guid":{"rendered":"https:\/\/amepn.ma\/?page_id=97"},"modified":"2024-01-13T12:11:53","modified_gmt":"2024-01-13T11:11:53","slug":"videos","status":"publish","type":"page","link":"https:\/\/amepn.ma\/?page_id=97","title":{"rendered":"Formations"},"content":{"rendered":"\n<p class=\"has-text-align-center has-black-color has-vivid-green-cyan-background-color has-text-color has-background has-link-color wp-elements-71fd62ec8feed17ff0fda88817914666\"><strong>Formation des ONG du R\u00e9seau Associatif de la R\u00e9serve de Biosph\u00e8re du C\u00e8dre de l&rsquo;Atlas sur la planification de la gestion des zones humides. Kh\u00e9nifra 10, 11 et12 novembre 2023<\/strong><\/p>\n\n\n\n<div class=\"wp-block-media-text is-stacked-on-mobile\" style=\"grid-template-columns:42% auto\"><figure class=\"wp-block-media-text__media\"><img loading=\"lazy\" decoding=\"async\" width=\"1024\" height=\"461\" data-attachment-id=\"2763\" data-permalink=\"https:\/\/amepn.ma\/?attachment_id=2763\" data-orig-file=\"https:\/\/amepn.ma\/wp-content\/uploads\/2024\/01\/399644254_722359479934801_4837538244448350872_n-scaled.jpg\" data-orig-size=\"2560,1152\" data-comments-opened=\"1\" data-image-meta=\"{&quot;aperture&quot;:&quot;0&quot;,&quot;credit&quot;:&quot;&quot;,&quot;camera&quot;:&quot;&quot;,&quot;caption&quot;:&quot;&quot;,&quot;created_timestamp&quot;:&quot;0&quot;,&quot;copyright&quot;:&quot;&quot;,&quot;focal_length&quot;:&quot;0&quot;,&quot;iso&quot;:&quot;0&quot;,&quot;shutter_speed&quot;:&quot;0&quot;,&quot;title&quot;:&quot;&quot;,&quot;orientation&quot;:&quot;0&quot;}\" data-image-title=\"399644254_722359479934801_4837538244448350872_n\" data-image-description=\"\" data-image-caption=\"\" data-medium-file=\"https:\/\/amepn.ma\/wp-content\/uploads\/2024\/01\/399644254_722359479934801_4837538244448350872_n-300x135.jpg\" data-large-file=\"https:\/\/amepn.ma\/wp-content\/uploads\/2024\/01\/399644254_722359479934801_4837538244448350872_n-1024x461.jpg\" src=\"https:\/\/amepn.ma\/wp-content\/uploads\/2024\/01\/399644254_722359479934801_4837538244448350872_n-1024x461.jpg\" alt=\"\" class=\"wp-image-2763 size-full\" srcset=\"https:\/\/amepn.ma\/wp-content\/uploads\/2024\/01\/399644254_722359479934801_4837538244448350872_n-1024x461.jpg 1024w, https:\/\/amepn.ma\/wp-content\/uploads\/2024\/01\/399644254_722359479934801_4837538244448350872_n-300x135.jpg 300w, https:\/\/amepn.ma\/wp-content\/uploads\/2024\/01\/399644254_722359479934801_4837538244448350872_n-768x346.jpg 768w, https:\/\/amepn.ma\/wp-content\/uploads\/2024\/01\/399644254_722359479934801_4837538244448350872_n-50x23.jpg 50w, https:\/\/amepn.ma\/wp-content\/uploads\/2024\/01\/399644254_722359479934801_4837538244448350872_n-1600x720.jpg 1600w, https:\/\/amepn.ma\/wp-content\/uploads\/2024\/01\/399644254_722359479934801_4837538244448350872_n-1536x691.jpg 1536w, https:\/\/amepn.ma\/wp-content\/uploads\/2024\/01\/399644254_722359479934801_4837538244448350872_n-2048x922.jpg 2048w\" sizes=\"auto, (max-width: 1024px) 100vw, 1024px\" \/><\/figure><div class=\"wp-block-media-text__content\">\n<p class=\"has-text-align-justify has-small-font-size\">Au c\u0153ur du Parc National de Kh\u00e9nifra, le R\u00e9seau des Associations de la R\u00e9serve de Biosph\u00e8re du C\u00e8dre de l&rsquo;Atlas organise, ces 10, 11 et 12 novembre 2023, une session de formation des formateurs sur la gestion des zones humides et les espaces naturels pour la contribution \u00e0 la planification et \u00e0 l&rsquo;\u00e9laboration du plan strat\u00e9gique de l&rsquo;action associative de la RBCA pour la p\u00e9riode 2024 &#8211; 2034. Cette rencontre tenue \u00e0 l&rsquo;initiative de l&rsquo;AMEPN et l&rsquo;appui de la SPANA dans le cadre du projet de renforcement des capacit\u00e9s de la Soci\u00e9t\u00e9 civile, a regroup\u00e9 15 associations des 19 ONG membres du r\u00e9seau. Ces sessions de formation et ces ateliers sont anim\u00e9s par des experts nationaux et locaux en mati\u00e8re de suivi des zones humides et de gestion des espaces naturels.<\/p>\n<\/div><\/div>\n\n\n\n<p class=\"has-text-align-center has-black-color has-vivid-green-cyan-background-color has-text-color has-background\"><strong>Formation des acteurs institutionnels sur la gestion et le suivi des \u00e9cosyst\u00e8mes aquatiques : Parc National de Kh\u00e9nifra : 23 et 24 f\u00e9vrier 2021<\/strong><\/p>\n\n\n\n<p class=\"has-text-align-justify has-small-font-size\">Le Parc National de Kh\u00e9nifra est d\u00e9sormais un carrefour et une \u00e9cole de la biodiversit\u00e9 d\u2019eau douce. Ces 23 et 24 f\u00e9vrier 2021, une formation th\u00e9orique et pratique sous le th\u00e8me \u00abBiodiversit\u00e9 des \u00e9cosyst\u00e8mes aquatiques d\u2019eau douce du Maroc : \u00e9tat de connaissance et utilisation du monitoring comme outil de conservation \u00e0 long terme\u00bb a \u00e9t\u00e9 organis\u00e9e par l\u2019AMEPN et ses partenaires et a regroup\u00e9 pour la premi\u00e8re fois les grands acteurs en la mati\u00e8re \u00e0 savoir : l\u2019Agence du Bassin Hydraulique de l\u2019Oum Er-Rabia, L\u2019Agence de Bassin de Sebou, le Centre National d\u2019Hydrobiologie et de Pisciculture d\u2019Azrou, le Parc National de Kh\u00e9nifra (h\u00f4te de la formation), le Parc National du Haut Atlas Oriental, le Parc National d\u2019Ifrane et l\u2019Ecole Sup\u00e9rieure de Technologie de Kh\u00e9nifra.<\/p>\n\n\n\n<p class=\"has-text-align-justify has-small-font-size\">Cette formation a \u00e9t\u00e9 assur\u00e9e par les grandes figures embl\u00e9matiques de l\u2019entomologie et de l\u2019herp\u00e9tologie au niveau national, en l\u2019occurrence Professeures Fahd Soumia et Nard Bennas, respectivement enseignantes chercheuses \u00e0 la Facult\u00e9 des Sciences de T\u00e9touan (Universit\u00e9 Abdelmalek Saadi) ayant mis leurs expertises d\u2019une trentaine d\u2019ann\u00e9es, au service des gestionnaires de la biodiversit\u00e9 des \u00e9cosyst\u00e8mes aquatiques. Une belle action qui rentre dans le cadre de la mise en \u0153uvre des conventions sign\u00e9es avec l\u2019AMEPN en novembre 2020 et qui marquera sans doute une nouvelle \u00e9tape dans la gestion de la biodiversit\u00e9 d\u2019eau douce au niveau national.<br> On profite de cette occasion pour remercier vivement les Agences de Bassins Hydrauliques de l\u2019Oum Er-Rabia et de Sebou pour leur r\u00e9activit\u00e9 envers cette th\u00e9matique et leur participation active \u00e0 cette dynamique de conservation et de valorisation de la biodiversit\u00e9 dulcicole. Au noms de tous les partenaires, nous saluons \u00e9galement l\u2019engagement des Professeures Nard Bennas et Fahd Soumia pour les d\u00e9monstrations de terrain r\u00e9alis\u00e9es ayant permis de transmettre non seulement les techniques de recherches scientifiques aux participants mais surtout l\u2019amour d\u2019un m\u00e9tier. BRAVO<\/p>\n\n\n\n<figure class=\"wp-block-gallery has-nested-images columns-default is-cropped wp-block-gallery-1 is-layout-flex wp-block-gallery-is-layout-flex\">\n<figure class=\"wp-block-image size-large\"><img loading=\"lazy\" decoding=\"async\" width=\"1024\" height=\"489\" data-attachment-id=\"2326\" data-permalink=\"https:\/\/amepn.ma\/?attachment_id=2326\" data-orig-file=\"https:\/\/amepn.ma\/wp-content\/uploads\/2021\/02\/Partenaires-Khenifra.png\" data-orig-size=\"2393,1142\" data-comments-opened=\"1\" data-image-meta=\"{&quot;aperture&quot;:&quot;0&quot;,&quot;credit&quot;:&quot;&quot;,&quot;camera&quot;:&quot;&quot;,&quot;caption&quot;:&quot;&quot;,&quot;created_timestamp&quot;:&quot;0&quot;,&quot;copyright&quot;:&quot;&quot;,&quot;focal_length&quot;:&quot;0&quot;,&quot;iso&quot;:&quot;0&quot;,&quot;shutter_speed&quot;:&quot;0&quot;,&quot;title&quot;:&quot;&quot;,&quot;orientation&quot;:&quot;0&quot;}\" data-image-title=\"Partenaires-Khenifra\" data-image-description=\"\" data-image-caption=\"\" data-medium-file=\"https:\/\/amepn.ma\/wp-content\/uploads\/2021\/02\/Partenaires-Khenifra-300x143.png\" data-large-file=\"https:\/\/amepn.ma\/wp-content\/uploads\/2021\/02\/Partenaires-Khenifra-1024x489.png\" data-id=\"2326\" src=\"https:\/\/amepn.ma\/wp-content\/uploads\/2021\/02\/Partenaires-Khenifra-1024x489.png\" alt=\"\" class=\"wp-image-2326\" srcset=\"https:\/\/amepn.ma\/wp-content\/uploads\/2021\/02\/Partenaires-Khenifra-1024x489.png 1024w, https:\/\/amepn.ma\/wp-content\/uploads\/2021\/02\/Partenaires-Khenifra-300x143.png 300w, https:\/\/amepn.ma\/wp-content\/uploads\/2021\/02\/Partenaires-Khenifra-768x367.png 768w, https:\/\/amepn.ma\/wp-content\/uploads\/2021\/02\/Partenaires-Khenifra-1600x764.png 1600w, https:\/\/amepn.ma\/wp-content\/uploads\/2021\/02\/Partenaires-Khenifra-1536x733.png 1536w, https:\/\/amepn.ma\/wp-content\/uploads\/2021\/02\/Partenaires-Khenifra-2048x977.png 2048w\" sizes=\"auto, (max-width: 1024px) 100vw, 1024px\" \/><\/figure>\n\n\n\n<figure class=\"wp-block-image size-large\"><img loading=\"lazy\" decoding=\"async\" width=\"1024\" height=\"461\" data-attachment-id=\"2325\" data-permalink=\"https:\/\/amepn.ma\/?attachment_id=2325\" data-orig-file=\"https:\/\/amepn.ma\/wp-content\/uploads\/2021\/02\/6-1.jpg\" data-orig-size=\"1280,576\" data-comments-opened=\"1\" data-image-meta=\"{&quot;aperture&quot;:&quot;0&quot;,&quot;credit&quot;:&quot;&quot;,&quot;camera&quot;:&quot;&quot;,&quot;caption&quot;:&quot;&quot;,&quot;created_timestamp&quot;:&quot;0&quot;,&quot;copyright&quot;:&quot;&quot;,&quot;focal_length&quot;:&quot;0&quot;,&quot;iso&quot;:&quot;0&quot;,&quot;shutter_speed&quot;:&quot;0&quot;,&quot;title&quot;:&quot;&quot;,&quot;orientation&quot;:&quot;0&quot;}\" data-image-title=\"6-1\" data-image-description=\"\" data-image-caption=\"\" data-medium-file=\"https:\/\/amepn.ma\/wp-content\/uploads\/2021\/02\/6-1-300x135.jpg\" data-large-file=\"https:\/\/amepn.ma\/wp-content\/uploads\/2021\/02\/6-1-1024x461.jpg\" data-id=\"2325\" src=\"https:\/\/amepn.ma\/wp-content\/uploads\/2021\/02\/6-1-1024x461.jpg\" alt=\"\" class=\"wp-image-2325\" srcset=\"https:\/\/amepn.ma\/wp-content\/uploads\/2021\/02\/6-1-1024x461.jpg 1024w, https:\/\/amepn.ma\/wp-content\/uploads\/2021\/02\/6-1-300x135.jpg 300w, https:\/\/amepn.ma\/wp-content\/uploads\/2021\/02\/6-1-768x346.jpg 768w, https:\/\/amepn.ma\/wp-content\/uploads\/2021\/02\/6-1.jpg 1280w\" sizes=\"auto, (max-width: 1024px) 100vw, 1024px\" \/><\/figure>\n<\/figure>\n\n\n\n<p class=\"has-text-align-center has-white-color has-text-color has-background\" style=\"background-color:#00a30b\"><\/p>\n","protected":false},"excerpt":{"rendered":"<p>Formation des ONG du R\u00e9seau Associatif de la R\u00e9serve de Biosph\u00e8re du C\u00e8dre de l&rsquo;Atlas sur la planification de la gestion des zones humides. Kh\u00e9nifra 10, 11 et12 novembre 2023 Au c\u0153ur du Parc National de Kh\u00e9nifra, le R\u00e9seau des Associations de la R\u00e9serve de Biosph\u00e8re du C\u00e8dre de l&rsquo;Atlas organise, ces 10, 11 et 12 novembre 2023, une session [&hellip;]<\/p>\n","protected":false},"author":1,"featured_media":0,"parent":0,"menu_order":0,"comment_status":"closed","ping_status":"closed","template":"","meta":{"_acf_changed":false,"footnotes":""},"class_list":["post-97","page","type-page","status-publish","hentry"],"acf":[],"jetpack_sharing_enabled":true,"jetpack_likes_enabled":true,"_links":{"self":[{"href":"https:\/\/amepn.ma\/index.php?rest_route=\/wp\/v2\/pages\/97","targetHints":{"allow":["GET"]}}],"collection":[{"href":"https:\/\/amepn.ma\/index.php?rest_route=\/wp\/v2\/pages"}],"about":[{"href":"https:\/\/amepn.ma\/index.php?rest_route=\/wp\/v2\/types\/page"}],"author":[{"embeddable":true,"href":"https:\/\/amepn.ma\/index.php?rest_route=\/wp\/v2\/users\/1"}],"replies":[{"embeddable":true,"href":"https:\/\/amepn.ma\/index.php?rest_route=%2Fwp%2Fv2%2Fcomments&post=97"}],"version-history":[{"count":15,"href":"https:\/\/amepn.ma\/index.php?rest_route=\/wp\/v2\/pages\/97\/revisions"}],"predecessor-version":[{"id":2764,"href":"https:\/\/amepn.ma\/index.php?rest_route=\/wp\/v2\/pages\/97\/revisions\/2764"}],"wp:attachment":[{"href":"https:\/\/amepn.ma\/index.php?rest_route=%2Fwp%2Fv2%2Fmedia&parent=97"}],"curies":[{"name":"wp","href":"https:\/\/api.w.org\/{rel}","templated":true}]}}

<p class="has-text-align-center has-black-color has-vivid-green-cyan-background-color has-text-color has-background has-link-color wp-elements-71fd62ec8feed17ff0fda88817914666"><strong>Formation des ONG du Réseau Associatif de la Réserve de Biosphère du Cèdre de l&rsquo;Atlas sur la planification de la gestion des zones humides. Khénifra 10, 11 et12 novembre 2023</strong></p>



<div class="wp-block-media-text is-stacked-on-mobile" style="grid-template-columns:42% auto"><figure class="wp-block-media-text__media"><img loading="lazy" decoding="async" width="1024" height="461" data-attachment-id="2763" data-permalink="https://amepn.ma/?attachment_id=2763" data-orig-file="https://amepn.ma/wp-content/uploads/2024/01/399644254_722359479934801_4837538244448350872_n-scaled.jpg" data-orig-size="2560,1152" data-comments-opened="1" data-image-meta="{&quot;aperture&quot;:&quot;0&quot;,&quot;credit&quot;:&quot;&quot;,&quot;camera&quot;:&quot;&quot;,&quot;caption&quot;:&quot;&quot;,&quot;created_timestamp&quot;:&quot;0&quot;,&quot;copyright&quot;:&quot;&quot;,&quot;focal_length&quot;:&quot;0&quot;,&quot;iso&quot;:&quot;0&quot;,&quot;shutter_speed&quot;:&quot;0&quot;,&quot;title&quot;:&quot;&quot;,&quot;orientation&quot;:&quot;0&quot;}" data-image-title="399644254_722359479934801_4837538244448350872_n" data-image-description="" data-image-caption="" data-medium-file="https://amepn.ma/wp-content/uploads/2024/01/399644254_722359479934801_4837538244448350872_n-300x135.jpg" data-large-file="https://amepn.ma/wp-content/uploads/2024/01/399644254_722359479934801_4837538244448350872_n-1024x461.jpg" src="https://amepn.ma/wp-content/uploads/2024/01/399644254_722359479934801_4837538244448350872_n-1024x461.jpg" alt="" class="wp-image-2763 size-full" srcset="https://amepn.ma/wp-content/uploads/2024/01/399644254_722359479934801_4837538244448350872_n-1024x461.jpg 1024w, https://amepn.ma/wp-content/uploads/2024/01/399644254_722359479934801_4837538244448350872_n-300x135.jpg 300w, https://amepn.ma/wp-content/uploads/2024/01/399644254_722359479934801_4837538244448350872_n-768x346.jpg 768w, https://amepn.ma/wp-content/uploads/2024/01/399644254_722359479934801_4837538244448350872_n-50x23.jpg 50w, https://amepn.ma/wp-content/uploads/2024/01/399644254_722359479934801_4837538244448350872_n-1600x720.jpg 1600w, https://amepn.ma/wp-content/uploads/2024/01/399644254_722359479934801_4837538244448350872_n-1536x691.jpg 1536w, https://amepn.ma/wp-content/uploads/2024/01/399644254_722359479934801_4837538244448350872_n-2048x922.jpg 2048w" sizes="auto, (max-width: 1024px) 100vw, 1024px" /></figure><div class="wp-block-media-text__content">
<p class="has-text-align-justify has-small-font-size">Au cœur du Parc National de Khénifra, le Réseau des Associations de la Réserve de Biosphère du Cèdre de l&rsquo;Atlas organise, ces 10, 11 et 12 novembre 2023, une session de formation des formateurs sur la gestion des zones humides et les espaces naturels pour la contribution à la planification et à l&rsquo;élaboration du plan stratégique de l&rsquo;action associative de la RBCA pour la période 2024 &#8211; 2034. Cette rencontre tenue à l&rsquo;initiative de l&rsquo;AMEPN et l&rsquo;appui de la SPANA dans le cadre du projet de renforcement des capacités de la Société civile, a regroupé 15 associations des 19 ONG membres du réseau. Ces sessions de formation et ces ateliers sont animés par des experts nationaux et locaux en matière de suivi des zones humides et de gestion des espaces naturels.</p>
</div></div>



<p class="has-text-align-center has-black-color has-vivid-green-cyan-background-color has-text-color has-background"><strong>Formation des acteurs institutionnels sur la gestion et le suivi des écosystèmes aquatiques : Parc National de Khénifra : 23 et 24 février 2021</strong></p>



<p class="has-text-align-justify has-small-font-size">Le Parc National de Khénifra est désormais un carrefour et une école de la biodiversité d’eau douce. Ces 23 et 24 février 2021, une formation théorique et pratique sous le thème «Biodiversité des écosystèmes aquatiques d’eau douce du Maroc : état de connaissance et utilisation du monitoring comme outil de conservation à long terme» a été organisée par l’AMEPN et ses partenaires et a regroupé pour la première fois les grands acteurs en la matière à savoir : l’Agence du Bassin Hydraulique de l’Oum Er-Rabia, L’Agence de Bassin de Sebou, le Centre National d’Hydrobiologie et de Pisciculture d’Azrou, le Parc National de Khénifra (hôte de la formation), le Parc National du Haut Atlas Oriental, le Parc National d’Ifrane et l’Ecole Supérieure de Technologie de Khénifra.</p>



<p class="has-text-align-justify has-small-font-size">Cette formation a été assurée par les grandes figures emblématiques de l’entomologie et de l’herpétologie au niveau national, en l’occurrence Professeures Fahd Soumia et Nard Bennas, respectivement enseignantes chercheuses à la Faculté des Sciences de Tétouan (Université Abdelmalek Saadi) ayant mis leurs expertises d’une trentaine d’années, au service des gestionnaires de la biodiversité des écosystèmes aquatiques. Une belle action qui rentre dans le cadre de la mise en œuvre des conventions signées avec l’AMEPN en novembre 2020 et qui marquera sans doute une nouvelle étape dans la gestion de la biodiversité d’eau douce au niveau national.<br> On profite de cette occasion pour remercier vivement les Agences de Bassins Hydrauliques de l’Oum Er-Rabia et de Sebou pour leur réactivité envers cette thématique et leur participation active à cette dynamique de conservation et de valorisation de la biodiversité dulcicole. Au noms de tous les partenaires, nous saluons également l’engagement des Professeures Nard Bennas et Fahd Soumia pour les démonstrations de terrain réalisées ayant permis de transmettre non seulement les techniques de recherches scientifiques aux participants mais surtout l’amour d’un métier. BRAVO</p>



<figure class="wp-block-gallery has-nested-images columns-default is-cropped wp-block-gallery-1 is-layout-flex wp-block-gallery-is-layout-flex">
<figure class="wp-block-image size-large"><img loading="lazy" decoding="async" width="1024" height="489" data-attachment-id="2326" data-permalink="https://amepn.ma/?attachment_id=2326" data-orig-file="https://amepn.ma/wp-content/uploads/2021/02/Partenaires-Khenifra.png" data-orig-size="2393,1142" data-comments-opened="1" data-image-meta="{&quot;aperture&quot;:&quot;0&quot;,&quot;credit&quot;:&quot;&quot;,&quot;camera&quot;:&quot;&quot;,&quot;caption&quot;:&quot;&quot;,&quot;created_timestamp&quot;:&quot;0&quot;,&quot;copyright&quot;:&quot;&quot;,&quot;focal_length&quot;:&quot;0&quot;,&quot;iso&quot;:&quot;0&quot;,&quot;shutter_speed&quot;:&quot;0&quot;,&quot;title&quot;:&quot;&quot;,&quot;orientation&quot;:&quot;0&quot;}" data-image-title="Partenaires-Khenifra" data-image-description="" data-image-caption="" data-medium-file="https://amepn.ma/wp-content/uploads/2021/02/Partenaires-Khenifra-300x143.png" data-large-file="https://amepn.ma/wp-content/uploads/2021/02/Partenaires-Khenifra-1024x489.png" data-id="2326" src="https://amepn.ma/wp-content/uploads/2021/02/Partenaires-Khenifra-1024x489.png" alt="" class="wp-image-2326" srcset="https://amepn.ma/wp-content/uploads/2021/02/Partenaires-Khenifra-1024x489.png 1024w, https://amepn.ma/wp-content/uploads/2021/02/Partenaires-Khenifra-300x143.png 300w, https://amepn.ma/wp-content/uploads/2021/02/Partenaires-Khenifra-768x367.png 768w, https://amepn.ma/wp-content/uploads/2021/02/Partenaires-Khenifra-1600x764.png 1600w, https://amepn.ma/wp-content/uploads/2021/02/Partenaires-Khenifra-1536x733.png 1536w, https://amepn.ma/wp-content/uploads/2021/02/Partenaires-Khenifra-2048x977.png 2048w" sizes="auto, (max-width: 1024px) 100vw, 1024px" /></figure>



<figure class="wp-block-image size-large"><img loading="lazy" decoding="async" width="1024" height="461" data-attachment-id="2325" data-permalink="https://amepn.ma/?attachment_id=2325" data-orig-file="https://amepn.ma/wp-content/uploads/2021/02/6-1.jpg" data-orig-size="1280,576" data-comments-opened="1" data-image-meta="{&quot;aperture&quot;:&quot;0&quot;,&quot;credit&quot;:&quot;&quot;,&quot;camera&quot;:&quot;&quot;,&quot;caption&quot;:&quot;&quot;,&quot;created_timestamp&quot;:&quot;0&quot;,&quot;copyright&quot;:&quot;&quot;,&quot;focal_length&quot;:&quot;0&quot;,&quot;iso&quot;:&quot;0&quot;,&quot;shutter_speed&quot;:&quot;0&quot;,&quot;title&quot;:&quot;&quot;,&quot;orientation&quot;:&quot;0&quot;}" data-image-title="6-1" data-image-description="" data-image-caption="" data-medium-file="https://amepn.ma/wp-content/uploads/2021/02/6-1-300x135.jpg" data-large-file="https://amepn.ma/wp-content/uploads/2021/02/6-1-1024x461.jpg" data-id="2325" src="https://amepn.ma/wp-content/uploads/2021/02/6-1-1024x461.jpg" alt="" class="wp-image-2325" srcset="https://amepn.ma/wp-content/uploads/2021/02/6-1-1024x461.jpg 1024w, https://amepn.ma/wp-content/uploads/2021/02/6-1-300x135.jpg 300w, https://amepn.ma/wp-content/uploads/2021/02/6-1-768x346.jpg 768w, https://amepn.ma/wp-content/uploads/2021/02/6-1.jpg 1280w" sizes="auto, (max-width: 1024px) 100vw, 1024px" /></figure>
</figure>



<p class="has-text-align-center has-white-color has-text-color has-background" style="background-color:#00a30b"></p>

<p>Formation des ONG du Réseau Associatif de la Réserve de Biosphère du Cèdre de l&rsquo;Atlas sur la planification de la gestion des zones humides. Khénifra 10, 11 et12 novembre 2023 Au cœur du Parc National de Khénifra, le Réseau des Associations de la Réserve de Biosphère du Cèdre de l&rsquo;Atlas organise, ces 10, 11 et 12 novembre 2023, une session [&hellip;]</p>
