{"id":135,"date":"2023-07-17T19:33:16","date_gmt":"2023-07-17T17:33:16","guid":{"rendered":"https:\/\/amepn.ma\/rbca\/site\/?page_id=135"},"modified":"2023-12-19T21:53:16","modified_gmt":"2023-12-19T20:53:16","slug":"afenourir","status":"publish","type":"page","link":"https:\/\/amepn.ma\/rbca\/observatoire\/?page_id=135","title":{"rendered":"D\u00e9finition d&#8217;une zone humide"},"content":{"rendered":"\n<p> <a href=\"http:\/\/zones-humides.org\/reglementation\/engagements-internationaux\">La convention de Ramsar<\/a>&nbsp;&#8211; trait\u00e9 international adopt\u00e9 en 1971 et entr\u00e9 en vigueur en 1975 &#8211; a adopt\u00e9 la d\u00e9finition suivante : &#8220;<strong>les zones humides sont \u00abdes \u00e9tendues de marais, de fagnes, de tourbi\u00e8res ou d\u2019eaux naturelles ou artificielles, permanentes ou temporaires, o\u00f9 l\u2019eau est stagnante ou courante, douce, saum\u00e2tre ou sal\u00e9e, y compris des \u00e9tendues d\u2019eau marine dont la profondeur \u00e0 mar\u00e9e basse n\u2019exc\u00e8de pas six m\u00e8tres<\/strong>\u00bb. <\/p>\n\n\n\n<p><\/p>\n\n\n\n<p style=\"color:#0d0e0e\" class=\"has-text-color\"> Les milieux humides repr\u00e9sentent 6% des terres \u00e9merg\u00e9es et figurent parmi les \u00e9cosyst\u00e8mes les plus riches et les plus diversifi\u00e9s de notre plan\u00e8te (Skinner &amp; Zalewski, 1995). D\u2019origine naturelle ou anthropique, ils sont pr\u00e9sents sous toutes les latitudes. Au fil du temps, selon le climat et la nature g\u00e9ologique de la r\u00e9gion, les milieux humides se sont form\u00e9s et d\u00e9velopp\u00e9s diff\u00e9remment.<\/p>\n\n\n\n<p class=\"has-text-color has-large-font-size has-vivid-cyan-blue-color\"><strong>FONCTIONS DES ZONES HUMIDES<\/strong><\/p>\n\n\n\n<p> &#8211;&nbsp;<a href=\"http:\/\/www.zones-humides.org\/interets\/fonctions\/fonctions-hydrologiques\">Fonctions hydrologiques<\/a>&nbsp;: les milieux humides sont des \u00ab&nbsp;<strong>\u00e9ponges naturelles<\/strong>&nbsp;\u00bb qui re\u00e7oivent de l\u2019eau, la stockent et la restituent.  L\u2019eau est naturellement l\u2019\u00e9l\u00e9ment fondamental de la vie des milieux humides. Elle alimente les \u00e9cosyst\u00e8mes, apporte des mati\u00e8res fertilisantes et bien souvent sculpte le paysage. Mais si tous les milieux humides sont marqu\u00e9s par l\u2019abondance fluctuante de l\u2019eau, leur dynamique hydrologique est en revanche tr\u00e8s variable d&#8217;un milieu \u00e0 l&#8217;autre, selon le climat, la localisation g\u00e9ographique et l\u2019histoire des sites. <\/p>\n\n\n\n<figure class=\"wp-block-image size-large\"><img loading=\"lazy\" decoding=\"async\" width=\"1024\" height=\"511\" src=\"https:\/\/amepn.ma\/rbca\/site\/wp-content\/uploads\/2023\/07\/Lac-iffer-2-1024x511.png\" alt=\"\" class=\"wp-image-187\" srcset=\"https:\/\/amepn.ma\/rbca\/observatoire\/wp-content\/uploads\/2023\/07\/Lac-iffer-2-1024x511.png 1024w, https:\/\/amepn.ma\/rbca\/observatoire\/wp-content\/uploads\/2023\/07\/Lac-iffer-2-300x150.png 300w, https:\/\/amepn.ma\/rbca\/observatoire\/wp-content\/uploads\/2023\/07\/Lac-iffer-2-768x384.png 768w, https:\/\/amepn.ma\/rbca\/observatoire\/wp-content\/uploads\/2023\/07\/Lac-iffer-2-1536x767.png 1536w, https:\/\/amepn.ma\/rbca\/observatoire\/wp-content\/uploads\/2023\/07\/Lac-iffer-2.png 1786w\" sizes=\"(max-width: 1024px) 100vw, 1024px\" \/><\/figure>\n\n\n\n<p> &#8211;\u00a0<a href=\"http:\/\/www.zones-humides.org\/interets\/fonctions\/fonctions-physiques-et-biogeochimiques\">Fonctions physiques et biog\u00e9ochimiques<\/a>\u00a0: elles sont aussi des \u00ab filtres naturels \u00bb, les &#8220;<strong>reins<\/strong>&#8221; des bassins versants qui re\u00e7oivent des mati\u00e8res min\u00e9rales et organiques, les emmagasinent, les transforment et\/ou les retournent \u00e0 l&#8217;environnement.  L\u2019eau qui alimente les zones humides apporte souvent de grandes quantit\u00e9s de mati\u00e8res min\u00e9rales : sable ou limon transport\u00e9s par les crues des fleuves, nitrates ou pesticides pr\u00e9sents dans la nappe phr\u00e9atique\u2026<br>Ces mati\u00e8res sont, selon les cas, stock\u00e9es ou transform\u00e9es dans les zones humides, dans des m\u00e9canismes souvent complexes. <\/p>\n\n\n\n<figure class=\"wp-block-image size-large\"><img loading=\"lazy\" decoding=\"async\" width=\"1024\" height=\"726\" src=\"https:\/\/amepn.ma\/rbca\/site\/wp-content\/uploads\/2023\/12\/325891645_1682306648937090_7592640115382116983_n-1024x726.jpg\" alt=\"\" class=\"wp-image-265\" srcset=\"https:\/\/amepn.ma\/rbca\/observatoire\/wp-content\/uploads\/2023\/12\/325891645_1682306648937090_7592640115382116983_n-1024x726.jpg 1024w, https:\/\/amepn.ma\/rbca\/observatoire\/wp-content\/uploads\/2023\/12\/325891645_1682306648937090_7592640115382116983_n-300x213.jpg 300w, https:\/\/amepn.ma\/rbca\/observatoire\/wp-content\/uploads\/2023\/12\/325891645_1682306648937090_7592640115382116983_n-768x545.jpg 768w, https:\/\/amepn.ma\/rbca\/observatoire\/wp-content\/uploads\/2023\/12\/325891645_1682306648937090_7592640115382116983_n.jpg 1146w\" sizes=\"(max-width: 1024px) 100vw, 1024px\" \/><\/figure>\n\n\n\n<figure class=\"wp-block-image size-large\"><img loading=\"lazy\" decoding=\"async\" width=\"1024\" height=\"507\" src=\"https:\/\/amepn.ma\/rbca\/site\/wp-content\/uploads\/2023\/07\/Lac-Zarrouka-1024x507.png\" alt=\"\" class=\"wp-image-188\" srcset=\"https:\/\/amepn.ma\/rbca\/observatoire\/wp-content\/uploads\/2023\/07\/Lac-Zarrouka-1024x507.png 1024w, https:\/\/amepn.ma\/rbca\/observatoire\/wp-content\/uploads\/2023\/07\/Lac-Zarrouka-300x149.png 300w, https:\/\/amepn.ma\/rbca\/observatoire\/wp-content\/uploads\/2023\/07\/Lac-Zarrouka-768x380.png 768w, https:\/\/amepn.ma\/rbca\/observatoire\/wp-content\/uploads\/2023\/07\/Lac-Zarrouka-1536x761.png 1536w, https:\/\/amepn.ma\/rbca\/observatoire\/wp-content\/uploads\/2023\/07\/Lac-Zarrouka.png 1781w\" sizes=\"(max-width: 1024px) 100vw, 1024px\" \/><\/figure>\n\n\n\n<p> &#8211;&nbsp;<a href=\"http:\/\/www.zones-humides.org\/interets\/fonctions\/fonctions-ecologiques\">Fonctions \u00e9cologiques<\/a>&nbsp;: Les conditions hydrologiques et chimiques permettent un&nbsp;<strong>d\u00e9veloppement extraordinaire de la vie<\/strong>&nbsp;dans les milieux humides.  L\u2019eau est \u00e0 la source m\u00eame de la vie sur terre. Il n\u2019est donc pas \u00e9tonnant que les milieux humides soient riches d\u2019une biodiversit\u00e9 extraordinaire. Les images qui peuvent illustrer ce propos sont innombrables : les flamands roses, le foisonnement v\u00e9g\u00e9tal, les p\u00eacheurs \u00e0 pied allant chercher les poissons etc. <\/p>\n","protected":false},"excerpt":{"rendered":"<p>La convention de Ramsar&nbsp;&#8211; trait\u00e9 international adopt\u00e9 en 1971 et entr\u00e9 en vigueur en 1975 &#8211; a adopt\u00e9 la d\u00e9finition suivante : &#8220;les zones humides sont \u00abdes \u00e9tendues de marais, de fagnes, de tourbi\u00e8res ou d\u2019eaux naturelles ou artificielles, permanentes ou temporaires, o\u00f9 l\u2019eau est stagnante ou courante, douce, saum\u00e2tre ou sal\u00e9e, y compris des \u00e9tendues d\u2019eau marine dont la [&hellip;]<\/p>\n","protected":false},"author":1,"featured_media":0,"parent":0,"menu_order":0,"comment_status":"closed","ping_status":"closed","template":"","meta":{"footnotes":""},"_links":{"self":[{"href":"https:\/\/amepn.ma\/rbca\/observatoire\/index.php?rest_route=\/wp\/v2\/pages\/135"}],"collection":[{"href":"https:\/\/amepn.ma\/rbca\/observatoire\/index.php?rest_route=\/wp\/v2\/pages"}],"about":[{"href":"https:\/\/amepn.ma\/rbca\/observatoire\/index.php?rest_route=\/wp\/v2\/types\/page"}],"author":[{"embeddable":true,"href":"https:\/\/amepn.ma\/rbca\/observatoire\/index.php?rest_route=\/wp\/v2\/users\/1"}],"replies":[{"embeddable":true,"href":"https:\/\/amepn.ma\/rbca\/observatoire\/index.php?rest_route=%2Fwp%2Fv2%2Fcomments&post=135"}],"version-history":[{"count":5,"href":"https:\/\/amepn.ma\/rbca\/observatoire\/index.php?rest_route=\/wp\/v2\/pages\/135\/revisions"}],"predecessor-version":[{"id":266,"href":"https:\/\/amepn.ma\/rbca\/observatoire\/index.php?rest_route=\/wp\/v2\/pages\/135\/revisions\/266"}],"wp:attachment":[{"href":"https:\/\/amepn.ma\/rbca\/observatoire\/index.php?rest_route=%2Fwp%2Fv2%2Fmedia&parent=135"}],"curies":[{"name":"wp","href":"https:\/\/api.w.org\/{rel}","templated":true}]}}