{"id":152,"date":"2023-07-17T19:36:28","date_gmt":"2023-07-17T17:36:28","guid":{"rendered":"https:\/\/amepn.ma\/rbca\/site\/?page_id=152"},"modified":"2023-12-29T22:13:44","modified_gmt":"2023-12-29T21:13:44","slug":"pn-difrane","status":"publish","type":"page","link":"https:\/\/amepn.ma\/rbca\/observatoire\/?page_id=152","title":{"rendered":"Parc National d\u2019Ifrane"},"content":{"rendered":"\n<p> Le Parc National d\u2019Ifrane a \u00e9t\u00e9 cr\u00e9\u00e9 en 2004 par d\u00e9cret promulgu\u00e9. Occupe la frange altitudinale entre 1300 m (For\u00eat de Ja\u00e2ba) et 2440 m (Pic du Jbel Ij). Il s\u2019\u00e9tend sur une superficie d\u2019environ 125 000 ha, dont 83 % de la surface totale du PNI est constitu\u00e9e par des for\u00eats de montagne. L\u2019ensemble de cette zone forme le Moyen-Atlas central qui se distingue par la pr\u00e9sence d\u2019une vari\u00e9t\u00e9 de contexte structurel. Il constitue un ch\u00e2teau d\u2019eau marocain. \u00a0(Rhafouri, 2014). Le c\u00e8dre de l\u2019atlas \u00e9tag\u00e9 sur le ch\u00eane vert et install\u00e9s sur un substrat calcaire ou basalte constituent le principal couvert v\u00e9g\u00e9tal du parc (El Gharbaoui ,1987). <\/p>\n\n\n<div class=\"wp-block-image\">\n<figure class=\"aligncenter size-large is-resized\"><img loading=\"lazy\" decoding=\"async\" width=\"1024\" height=\"576\" src=\"https:\/\/amepn.ma\/rbca\/site\/wp-content\/uploads\/2023\/12\/carte-du-PNIFR-1-1024x576.png\" alt=\"\" class=\"wp-image-448\" style=\"width:864px;height:auto\" srcset=\"https:\/\/amepn.ma\/rbca\/observatoire\/wp-content\/uploads\/2023\/12\/carte-du-PNIFR-1-1024x576.png 1024w, https:\/\/amepn.ma\/rbca\/observatoire\/wp-content\/uploads\/2023\/12\/carte-du-PNIFR-1-300x169.png 300w, https:\/\/amepn.ma\/rbca\/observatoire\/wp-content\/uploads\/2023\/12\/carte-du-PNIFR-1-768x432.png 768w, https:\/\/amepn.ma\/rbca\/observatoire\/wp-content\/uploads\/2023\/12\/carte-du-PNIFR-1.png 1280w\" sizes=\"(max-width: 1024px) 100vw, 1024px\" \/><\/figure><\/div>\n\n<div class=\"wp-block-image\">\n<figure class=\"aligncenter size-large\"><img loading=\"lazy\" decoding=\"async\" width=\"1024\" height=\"507\" src=\"https:\/\/amepn.ma\/rbca\/site\/wp-content\/uploads\/2023\/07\/Lac-Zarrouka-1024x507.png\" alt=\"\" class=\"wp-image-188\" srcset=\"https:\/\/amepn.ma\/rbca\/observatoire\/wp-content\/uploads\/2023\/07\/Lac-Zarrouka-1024x507.png 1024w, https:\/\/amepn.ma\/rbca\/observatoire\/wp-content\/uploads\/2023\/07\/Lac-Zarrouka-300x149.png 300w, https:\/\/amepn.ma\/rbca\/observatoire\/wp-content\/uploads\/2023\/07\/Lac-Zarrouka-768x380.png 768w, https:\/\/amepn.ma\/rbca\/observatoire\/wp-content\/uploads\/2023\/07\/Lac-Zarrouka-1536x761.png 1536w, https:\/\/amepn.ma\/rbca\/observatoire\/wp-content\/uploads\/2023\/07\/Lac-Zarrouka.png 1781w\" sizes=\"(max-width: 1024px) 100vw, 1024px\" \/><\/figure><\/div>","protected":false},"excerpt":{"rendered":"<p>Le Parc National d\u2019Ifrane a \u00e9t\u00e9 cr\u00e9\u00e9 en 2004 par d\u00e9cret promulgu\u00e9. Occupe la frange altitudinale entre 1300 m (For\u00eat de Ja\u00e2ba) et 2440 m (Pic du Jbel Ij). Il s\u2019\u00e9tend sur une superficie d\u2019environ 125 000 ha, dont 83 % de la surface totale du PNI est constitu\u00e9e par des for\u00eats de montagne. L\u2019ensemble de cette zone forme le [&hellip;]<\/p>\n","protected":false},"author":1,"featured_media":0,"parent":0,"menu_order":0,"comment_status":"closed","ping_status":"closed","template":"","meta":{"footnotes":""},"_links":{"self":[{"href":"https:\/\/amepn.ma\/rbca\/observatoire\/index.php?rest_route=\/wp\/v2\/pages\/152"}],"collection":[{"href":"https:\/\/amepn.ma\/rbca\/observatoire\/index.php?rest_route=\/wp\/v2\/pages"}],"about":[{"href":"https:\/\/amepn.ma\/rbca\/observatoire\/index.php?rest_route=\/wp\/v2\/types\/page"}],"author":[{"embeddable":true,"href":"https:\/\/amepn.ma\/rbca\/observatoire\/index.php?rest_route=\/wp\/v2\/users\/1"}],"replies":[{"embeddable":true,"href":"https:\/\/amepn.ma\/rbca\/observatoire\/index.php?rest_route=%2Fwp%2Fv2%2Fcomments&post=152"}],"version-history":[{"count":4,"href":"https:\/\/amepn.ma\/rbca\/observatoire\/index.php?rest_route=\/wp\/v2\/pages\/152\/revisions"}],"predecessor-version":[{"id":449,"href":"https:\/\/amepn.ma\/rbca\/observatoire\/index.php?rest_route=\/wp\/v2\/pages\/152\/revisions\/449"}],"wp:attachment":[{"href":"https:\/\/amepn.ma\/rbca\/observatoire\/index.php?rest_route=%2Fwp%2Fv2%2Fmedia&parent=152"}],"curies":[{"name":"wp","href":"https:\/\/api.w.org\/{rel}","templated":true}]}}

<p> Le Parc National d’Ifrane a été créé en 2004 par décret promulgué. Occupe la frange altitudinale entre 1300 m (Forêt de Jaâba) et 2440 m (Pic du Jbel Ij). Il s’étend sur une superficie d’environ 125 000 ha, dont 83 % de la surface totale du PNI est constituée par des forêts de montagne. L’ensemble de cette zone forme le Moyen-Atlas central qui se distingue par la présence d’une variété de contexte structurel. Il constitue un château d’eau marocain.  (Rhafouri, 2014). Le cèdre de l’atlas étagé sur le chêne vert et installés sur un substrat calcaire ou basalte constituent le principal couvert végétal du parc (El Gharbaoui ,1987). </p>


<div class="wp-block-image">
<figure class="aligncenter size-large is-resized"><img loading="lazy" decoding="async" width="1024" height="576" src="https://amepn.ma/rbca/site/wp-content/uploads/2023/12/carte-du-PNIFR-1-1024x576.png" alt="" class="wp-image-448" style="width:864px;height:auto" srcset="https://amepn.ma/rbca/observatoire/wp-content/uploads/2023/12/carte-du-PNIFR-1-1024x576.png 1024w, https://amepn.ma/rbca/observatoire/wp-content/uploads/2023/12/carte-du-PNIFR-1-300x169.png 300w, https://amepn.ma/rbca/observatoire/wp-content/uploads/2023/12/carte-du-PNIFR-1-768x432.png 768w, https://amepn.ma/rbca/observatoire/wp-content/uploads/2023/12/carte-du-PNIFR-1.png 1280w" sizes="(max-width: 1024px) 100vw, 1024px" /></figure></div>

<div class="wp-block-image">
<figure class="aligncenter size-large"><img loading="lazy" decoding="async" width="1024" height="507" src="https://amepn.ma/rbca/site/wp-content/uploads/2023/07/Lac-Zarrouka-1024x507.png" alt="" class="wp-image-188" srcset="https://amepn.ma/rbca/observatoire/wp-content/uploads/2023/07/Lac-Zarrouka-1024x507.png 1024w, https://amepn.ma/rbca/observatoire/wp-content/uploads/2023/07/Lac-Zarrouka-300x149.png 300w, https://amepn.ma/rbca/observatoire/wp-content/uploads/2023/07/Lac-Zarrouka-768x380.png 768w, https://amepn.ma/rbca/observatoire/wp-content/uploads/2023/07/Lac-Zarrouka-1536x761.png 1536w, https://amepn.ma/rbca/observatoire/wp-content/uploads/2023/07/Lac-Zarrouka.png 1781w" sizes="(max-width: 1024px) 100vw, 1024px" /></figure></div>

<p>Le Parc National d’Ifrane a été créé en 2004 par décret promulgué. Occupe la frange altitudinale entre 1300 m (Forêt de Jaâba) et 2440 m (Pic du Jbel Ij). Il s’étend sur une superficie d’environ 125 000 ha, dont 83 % de la surface totale du PNI est constituée par des forêts de montagne. L’ensemble de cette zone forme le [&hellip;]</p>
